{"id":13,"date":"2025-01-18T22:33:02","date_gmt":"2025-01-18T22:33:02","guid":{"rendered":"https:\/\/www.delsuenoalacasa.com\/landing1\/?page_id=13"},"modified":"2026-03-09T15:46:53","modified_gmt":"2026-03-09T15:46:53","slug":"inicio","status":"publish","type":"page","link":"https:\/\/www.delsuenoalacasa.com\/landing1\/","title":{"rendered":"inicio"},"content":{"rendered":"\t\t<div data-elementor-type=\"wp-page\" data-elementor-id=\"13\" class=\"elementor elementor-13\" data-elementor-settings=\"{&quot;ha_cmc_init_switcher&quot;:&quot;no&quot;}\" data-elementor-post-type=\"page\">\n\t\t\t\t<div class=\"elementor-element elementor-element-27d8e73 e-con-full e-flex e-con e-parent\" data-id=\"27d8e73\" data-element_type=\"container\" data-settings=\"{&quot;background_background&quot;:&quot;classic&quot;,&quot;_ha_eqh_enable&quot;:false}\">\n\t\t\t\t<div class=\"elementor-element elementor-element-72864dd elementor-widget elementor-widget-text-editor\" data-id=\"72864dd\" data-element_type=\"widget\" data-widget_type=\"text-editor.default\">\n\t\t\t\t<div class=\"elementor-widget-container\">\n\t\t\t\t\t\t\t\t\t<p><img decoding=\"async\" class=\"alignnone size-full wp-image-145\" src=\"https:\/\/www.delsuenoalacasa.com\/landing1\/wp-content\/uploads\/2025\/01\/LGO-F.png\" alt=\"\" width=\"231\" height=\"151\" \/><\/p>\t\t\t\t\t\t\t\t<\/div>\n\t\t\t\t<\/div>\n\t\t\t\t<div class=\"elementor-element elementor-element-58b82cf elementor-widget elementor-widget-text-editor\" data-id=\"58b82cf\" data-element_type=\"widget\" data-settings=\"{&quot;_animation&quot;:&quot;none&quot;}\" data-widget_type=\"text-editor.default\">\n\t\t\t\t<div class=\"elementor-widget-container\">\n\t\t\t\t\t\t\t\t\t<p>En nuestras clases en vivo<\/p>\t\t\t\t\t\t\t\t<\/div>\n\t\t\t\t<\/div>\n\t\t\t\t<div class=\"elementor-element elementor-element-0209ac9 elementor-widget elementor-widget-text-editor\" data-id=\"0209ac9\" data-element_type=\"widget\" data-settings=\"{&quot;_animation&quot;:&quot;none&quot;}\" data-widget_type=\"text-editor.default\">\n\t\t\t\t<div class=\"elementor-widget-container\">\n\t\t\t\t\t\t\t\t\t<p>te voy a ense\u00f1ar el paso a paso para comprar vivienda en el 2026<\/p>\t\t\t\t\t\t\t\t<\/div>\n\t\t\t\t<\/div>\n\t\t\t\t<div class=\"elementor-element elementor-element-086e7f7 elementor-widget elementor-widget-text-editor\" data-id=\"086e7f7\" data-element_type=\"widget\" data-widget_type=\"text-editor.default\">\n\t\t\t\t<div class=\"elementor-widget-container\">\n\t\t\t\t\t\t\t\t\t<p><a href=\"https:\/\/chat.whatsapp.com\/Ch2nIlnjLK1ExPu9zu9wh7?mode=gi_t\"><img fetchpriority=\"high\" decoding=\"async\" class=\"alignnone wp-image-559 size-large\" src=\"https:\/\/www.delsuenoalacasa.com\/landing1\/wp-content\/uploads\/2026\/03\/Portada-15-marzo.jpg-1024x576.jpeg\" alt=\"\" width=\"1024\" height=\"576\" srcset=\"https:\/\/www.delsuenoalacasa.com\/landing1\/wp-content\/uploads\/2026\/03\/Portada-15-marzo.jpg-1024x576.jpeg 1024w, https:\/\/www.delsuenoalacasa.com\/landing1\/wp-content\/uploads\/2026\/03\/Portada-15-marzo.jpg-300x169.jpeg 300w, https:\/\/www.delsuenoalacasa.com\/landing1\/wp-content\/uploads\/2026\/03\/Portada-15-marzo.jpg-768x432.jpeg 768w, https:\/\/www.delsuenoalacasa.com\/landing1\/wp-content\/uploads\/2026\/03\/Portada-15-marzo.jpg.jpeg 1280w\" sizes=\"(max-width: 1024px) 100vw, 1024px\" \/><\/a><\/p>\t\t\t\t\t\t\t\t<\/div>\n\t\t\t\t<\/div>\n\t\t\t\t<div class=\"elementor-element elementor-element-201c59d elementor-widget elementor-widget-spacer\" data-id=\"201c59d\" data-element_type=\"widget\" data-widget_type=\"spacer.default\">\n\t\t\t\t<div class=\"elementor-widget-container\">\n\t\t\t\t\t\t\t<div class=\"elementor-spacer\">\n\t\t\t<div class=\"elementor-spacer-inner\"><\/div>\n\t\t<\/div>\n\t\t\t\t\t\t<\/div>\n\t\t\t\t<\/div>\n\t\t\t\t<\/div>\n\t\t<div class=\"elementor-element elementor-element-85438fc e-con-full e-flex e-con e-parent\" data-id=\"85438fc\" data-element_type=\"container\" data-settings=\"{&quot;background_background&quot;:&quot;classic&quot;,&quot;_ha_eqh_enable&quot;:false}\">\n\t\t\t\t<div class=\"elementor-element elementor-element-bf2aafd elementor-widget elementor-widget-text-editor\" data-id=\"bf2aafd\" data-element_type=\"widget\" data-settings=\"{&quot;_animation&quot;:&quot;none&quot;}\" data-widget_type=\"text-editor.default\">\n\t\t\t\t<div class=\"elementor-widget-container\">\n\t\t\t\t\t\t\t\t\t<p>15 de marzo 2026<\/p>\t\t\t\t\t\t\t\t<\/div>\n\t\t\t\t<\/div>\n\t\t\t\t<div class=\"elementor-element elementor-element-8efa151 elementor-widget elementor-widget-text-editor\" data-id=\"8efa151\" data-element_type=\"widget\" data-settings=\"{&quot;_animation&quot;:&quot;none&quot;}\" data-widget_type=\"text-editor.default\">\n\t\t\t\t<div class=\"elementor-widget-container\">\n\t\t\t\t\t\t\t\t\t<p>7:00pm COL<\/p>\t\t\t\t\t\t\t\t<\/div>\n\t\t\t\t<\/div>\n\t\t\t\t<div class=\"elementor-element elementor-element-3ba02da elementor-widget elementor-widget-text-editor\" data-id=\"3ba02da\" data-element_type=\"widget\" data-settings=\"{&quot;_animation&quot;:&quot;none&quot;}\" data-widget_type=\"text-editor.default\">\n\t\t\t\t<div class=\"elementor-widget-container\">\n\t\t\t\t\t\t\t\t\t<p>Conferencias <strong>ONLINE<\/strong> y <strong>SIN COSTO<\/strong> para establecer el plan de acci\u00f3n que te llevar\u00e1 a ser un nuevo propietario colombiano.<\/p>\t\t\t\t\t\t\t\t<\/div>\n\t\t\t\t<\/div>\n\t\t\t\t<div class=\"elementor-element elementor-element-4ada0c2 elementor-align-center elementor-widget elementor-widget-button\" data-id=\"4ada0c2\" data-element_type=\"widget\" data-settings=\"{&quot;_animation&quot;:&quot;none&quot;}\" data-widget_type=\"button.default\">\n\t\t\t\t<div class=\"elementor-widget-container\">\n\t\t\t\t\t\t\t\t\t<div class=\"elementor-button-wrapper\">\n\t\t\t\t\t<a class=\"elementor-button elementor-button-link elementor-size-sm\" href=\"https:\/\/chat.whatsapp.com\/Ch2nIlnjLK1ExPu9zu9wh7?mode=gi_t\">\n\t\t\t\t\t\t<span class=\"elementor-button-content-wrapper\">\n\t\t\t\t\t\t\t\t\t<span class=\"elementor-button-text\">\u00danete GRATIS a la clase<\/span>\n\t\t\t\t\t<\/span>\n\t\t\t\t\t<\/a>\n\t\t\t\t<\/div>\n\t\t\t\t\t\t\t\t<\/div>\n\t\t\t\t<\/div>\n\t\t\t\t<div class=\"elementor-element elementor-element-12423eb elementor-widget-divider--view-line elementor-widget elementor-widget-divider\" data-id=\"12423eb\" data-element_type=\"widget\" data-settings=\"{&quot;_animation&quot;:&quot;none&quot;}\" data-widget_type=\"divider.default\">\n\t\t\t\t<div class=\"elementor-widget-container\">\n\t\t\t\t\t\t\t<div class=\"elementor-divider\">\n\t\t\t<span class=\"elementor-divider-separator\">\n\t\t\t\t\t\t<\/span>\n\t\t<\/div>\n\t\t\t\t\t\t<\/div>\n\t\t\t\t<\/div>\n\t\t\t\t<\/div>\n\t\t<div class=\"elementor-element elementor-element-463f18e e-flex e-con-boxed e-con e-parent\" data-id=\"463f18e\" data-element_type=\"container\" data-settings=\"{&quot;background_background&quot;:&quot;classic&quot;,&quot;_ha_eqh_enable&quot;:false}\">\n\t\t\t\t\t<div class=\"e-con-inner\">\n\t\t<div class=\"elementor-element elementor-element-90b26a4 e-con-full e-flex e-con e-child\" data-id=\"90b26a4\" data-element_type=\"container\" data-settings=\"{&quot;_ha_eqh_enable&quot;:false}\">\n\t\t\t\t<div class=\"elementor-element elementor-element-f49271d elementor-widget elementor-widget-text-editor\" data-id=\"f49271d\" data-element_type=\"widget\" data-settings=\"{&quot;_animation&quot;:&quot;none&quot;}\" data-widget_type=\"text-editor.default\">\n\t\t\t\t<div class=\"elementor-widget-container\">\n\t\t\t\t\t\t\t\t\t<p><img decoding=\"async\" class=\"wp-image-86 size-full aligncenter\" src=\"https:\/\/www.delsuenoalacasa.com\/landing1\/wp-content\/uploads\/2025\/01\/ICONO-CASA.png\" alt=\"\" width=\"90\" height=\"90\" \/><\/p>\t\t\t\t\t\t\t\t<\/div>\n\t\t\t\t<\/div>\n\t\t\t\t<\/div>\n\t\t<div class=\"elementor-element elementor-element-ea797a7 e-con-full e-flex e-con e-child\" data-id=\"ea797a7\" data-element_type=\"container\" data-settings=\"{&quot;_ha_eqh_enable&quot;:false}\">\n\t\t\t\t<div class=\"elementor-element elementor-element-f505b71 elementor-widget elementor-widget-text-editor\" data-id=\"f505b71\" data-element_type=\"widget\" data-settings=\"{&quot;_animation&quot;:&quot;none&quot;}\" data-widget_type=\"text-editor.default\">\n\t\t\t\t<div class=\"elementor-widget-container\">\n\t\t\t\t\t\t\t\t\t<p>Con lo que vibramos\u2026<\/p>\t\t\t\t\t\t\t\t<\/div>\n\t\t\t\t<\/div>\n\t\t\t\t<\/div>\n\t\t\t\t\t<\/div>\n\t\t\t\t<\/div>\n\t\t<div class=\"elementor-element elementor-element-6d6d855 e-flex e-con-boxed e-con e-parent\" data-id=\"6d6d855\" data-element_type=\"container\" data-settings=\"{&quot;background_background&quot;:&quot;classic&quot;,&quot;_ha_eqh_enable&quot;:false}\">\n\t\t\t\t\t<div class=\"e-con-inner\">\n\t\t<div class=\"elementor-element elementor-element-c8836bc e-con-full e-flex e-con e-child\" data-id=\"c8836bc\" data-element_type=\"container\" data-settings=\"{&quot;background_background&quot;:&quot;classic&quot;,&quot;_ha_eqh_enable&quot;:false}\">\n\t\t\t\t<div class=\"elementor-element elementor-element-4b20db5 elementor-widget elementor-widget-text-editor\" data-id=\"4b20db5\" data-element_type=\"widget\" data-settings=\"{&quot;_animation&quot;:&quot;none&quot;}\" data-widget_type=\"text-editor.default\">\n\t\t\t\t<div class=\"elementor-widget-container\">\n\t\t\t\t\t\t\t\t\t<p><strong>\u00bfCu\u00e1ntas veces vemos que los dem\u00e1s cumplen sue\u00f1os y nosotros no?<\/strong> El a\u00f1o pasado 2025 aproximadamente 150.000 familias colombianas compraron vivienda.\u00a0<\/p>\t\t\t\t\t\t\t\t<\/div>\n\t\t\t\t<\/div>\n\t\t\t\t<\/div>\n\t\t<div class=\"elementor-element elementor-element-af7bc81 e-con-full e-flex e-con e-child\" data-id=\"af7bc81\" data-element_type=\"container\" data-settings=\"{&quot;background_background&quot;:&quot;classic&quot;,&quot;_ha_eqh_enable&quot;:false}\">\n\t\t\t\t<div class=\"elementor-element elementor-element-baf9e3c elementor-widget elementor-widget-text-editor\" data-id=\"baf9e3c\" data-element_type=\"widget\" data-settings=\"{&quot;_animation&quot;:&quot;none&quot;}\" data-widget_type=\"text-editor.default\">\n\t\t\t\t<div class=\"elementor-widget-container\">\n\t\t\t\t\t\t\t\t\t<p>Cuando uno ve esta cifra se pregunta, <strong>\u00bfQu\u00e9 tiene ellos que yo no?<\/strong>,\u00a0<strong>\u00bfPor qu\u00e9 ellos si pueden comprar vivienda y yo no?<\/strong>\u00a0Muchas veces necesitamos encontrar un gu\u00eda que nos explique<\/p>\t\t\t\t\t\t\t\t<\/div>\n\t\t\t\t<\/div>\n\t\t\t\t<\/div>\n\t\t<div class=\"elementor-element elementor-element-d04fa6d e-con-full e-flex e-con e-child\" data-id=\"d04fa6d\" data-element_type=\"container\" data-settings=\"{&quot;background_background&quot;:&quot;classic&quot;,&quot;_ha_eqh_enable&quot;:false}\">\n\t\t\t\t<div class=\"elementor-element elementor-element-51cb7f0 elementor-widget elementor-widget-text-editor\" data-id=\"51cb7f0\" data-element_type=\"widget\" data-settings=\"{&quot;_animation&quot;:&quot;none&quot;}\" data-widget_type=\"text-editor.default\">\n\t\t\t\t<div class=\"elementor-widget-container\">\n\t\t\t\t\t\t\t\t\t<p>Que nos den una hoja de ruta con el paso a paso. De ah\u00ed sale nuestra misi\u00f3n: convertir a Colombia en un pa\u00eds de propietarios.<\/p>\t\t\t\t\t\t\t\t<\/div>\n\t\t\t\t<\/div>\n\t\t\t\t<\/div>\n\t\t\t\t\t<\/div>\n\t\t\t\t<\/div>\n\t\t<div class=\"elementor-element elementor-element-e75687e e-con-full e-flex e-con e-parent\" data-id=\"e75687e\" data-element_type=\"container\" data-settings=\"{&quot;background_background&quot;:&quot;classic&quot;,&quot;animation&quot;:&quot;none&quot;,&quot;_ha_eqh_enable&quot;:false}\">\n\t\t\t\t<div class=\"elementor-element elementor-element-80381dc elementor-widget elementor-widget-text-editor\" data-id=\"80381dc\" data-element_type=\"widget\" data-settings=\"{&quot;_animation&quot;:&quot;none&quot;}\" data-widget_type=\"text-editor.default\">\n\t\t\t\t<div class=\"elementor-widget-container\">\n\t\t\t\t\t\t\t\t\t<p><img loading=\"lazy\" decoding=\"async\" class=\"alignnone wp-image-388 size-large\" src=\"https:\/\/www.delsuenoalacasa.com\/landing1\/wp-content\/uploads\/2025\/01\/FOTO-SERGIO-3-1024x858.png\" alt=\"\" width=\"1024\" height=\"858\" srcset=\"https:\/\/www.delsuenoalacasa.com\/landing1\/wp-content\/uploads\/2025\/01\/FOTO-SERGIO-3-1024x858.png 1024w, https:\/\/www.delsuenoalacasa.com\/landing1\/wp-content\/uploads\/2025\/01\/FOTO-SERGIO-3-300x251.png 300w, https:\/\/www.delsuenoalacasa.com\/landing1\/wp-content\/uploads\/2025\/01\/FOTO-SERGIO-3-768x643.png 768w, https:\/\/www.delsuenoalacasa.com\/landing1\/wp-content\/uploads\/2025\/01\/FOTO-SERGIO-3.png 1095w\" sizes=\"(max-width: 1024px) 100vw, 1024px\" \/><\/p>\t\t\t\t\t\t\t\t<\/div>\n\t\t\t\t<\/div>\n\t\t\t\t<div class=\"elementor-element elementor-element-1e4c852 elementor-widget elementor-widget-text-editor\" data-id=\"1e4c852\" data-element_type=\"widget\" data-settings=\"{&quot;_animation&quot;:&quot;none&quot;}\" data-widget_type=\"text-editor.default\">\n\t\t\t\t<div class=\"elementor-widget-container\">\n\t\t\t\t\t\t\t\t\t<p>\u00a0<\/p><p><strong>SOY SERGIO<\/strong><\/p>\t\t\t\t\t\t\t\t<\/div>\n\t\t\t\t<\/div>\n\t\t\t\t<div class=\"elementor-element elementor-element-688ea67 elementor-widget elementor-widget-text-editor\" data-id=\"688ea67\" data-element_type=\"widget\" data-settings=\"{&quot;_animation&quot;:&quot;none&quot;}\" data-widget_type=\"text-editor.default\">\n\t\t\t\t<div class=\"elementor-widget-container\">\n\t\t\t\t\t\t\t\t\t<p>Ingeniero civil con <strong>10 a\u00f1os de experiencia<\/strong> en el sector de la construcci\u00f3n. En los \u00faltimos 4 a\u00f1os me he <strong>dedicado a asesorar personas y familias<\/strong> que quieren <strong>comprar vivienda<\/strong>, he atendido a m\u00e1s de <strong>728\u00a0personas<\/strong> en estos 4<strong>\u00a0a\u00f1os<\/strong>, y hablando con mis asesorados entend\u00ed cu\u00e1les son los miedos y dificultades m\u00e1s comunes que tienen las personas para comprar vivienda.<\/p>\t\t\t\t\t\t\t\t<\/div>\n\t\t\t\t<\/div>\n\t\t\t\t<div class=\"elementor-element elementor-element-9e6d74c elementor-widget-divider--view-line elementor-widget elementor-widget-divider\" data-id=\"9e6d74c\" data-element_type=\"widget\" data-settings=\"{&quot;_animation&quot;:&quot;none&quot;}\" data-widget_type=\"divider.default\">\n\t\t\t\t<div class=\"elementor-widget-container\">\n\t\t\t\t\t\t\t<div class=\"elementor-divider\">\n\t\t\t<span class=\"elementor-divider-separator\">\n\t\t\t\t\t\t<\/span>\n\t\t<\/div>\n\t\t\t\t\t\t<\/div>\n\t\t\t\t<\/div>\n\t\t\t\t<div class=\"elementor-element elementor-element-41a8c41 elementor-widget elementor-widget-text-editor\" data-id=\"41a8c41\" data-element_type=\"widget\" data-settings=\"{&quot;_animation&quot;:&quot;none&quot;}\" data-widget_type=\"text-editor.default\">\n\t\t\t\t<div class=\"elementor-widget-container\">\n\t\t\t\t\t\t\t\t\t<p><strong>Por eso hoy te invito a que nos veamos en las clases gratuitas, este 15 de marzo, porque en este 2026 pasaremos del sue\u00f1o, a la casa.<\/strong><\/p>\t\t\t\t\t\t\t\t<\/div>\n\t\t\t\t<\/div>\n\t\t\t\t<\/div>\n\t\t<div class=\"elementor-element elementor-element-cab0694 e-flex e-con-boxed e-con e-parent\" data-id=\"cab0694\" data-element_type=\"container\" data-settings=\"{&quot;background_background&quot;:&quot;classic&quot;,&quot;_ha_eqh_enable&quot;:false}\">\n\t\t\t\t\t<div class=\"e-con-inner\">\n\t\t\t\t<div class=\"elementor-element elementor-element-c2e319b elementor-align-center elementor-widget elementor-widget-button\" data-id=\"c2e319b\" data-element_type=\"widget\" data-settings=\"{&quot;_animation&quot;:&quot;none&quot;}\" data-widget_type=\"button.default\">\n\t\t\t\t<div class=\"elementor-widget-container\">\n\t\t\t\t\t\t\t\t\t<div class=\"elementor-button-wrapper\">\n\t\t\t\t\t<a class=\"elementor-button elementor-button-link elementor-size-sm\" href=\"https:\/\/chat.whatsapp.com\/Ch2nIlnjLK1ExPu9zu9wh7?mode=gi_t\">\n\t\t\t\t\t\t<span class=\"elementor-button-content-wrapper\">\n\t\t\t\t\t\t\t\t\t<span class=\"elementor-button-text\">\u00danete GRATIS a la clase<\/span>\n\t\t\t\t\t<\/span>\n\t\t\t\t\t<\/a>\n\t\t\t\t<\/div>\n\t\t\t\t\t\t\t\t<\/div>\n\t\t\t\t<\/div>\n\t\t\t\t\t<\/div>\n\t\t\t\t<\/div>\n\t\t\t\t<section class=\"elementor-section elementor-top-section elementor-element elementor-element-f9d44aa elementor-section-boxed elementor-section-height-default elementor-section-height-default\" data-id=\"f9d44aa\" data-element_type=\"section\" data-settings=\"{&quot;background_background&quot;:&quot;classic&quot;,&quot;_ha_eqh_enable&quot;:false}\">\n\t\t\t\t\t\t<div class=\"elementor-container elementor-column-gap-default\">\n\t\t\t\t\t<div class=\"elementor-column elementor-col-100 elementor-top-column elementor-element elementor-element-c051e8c\" data-id=\"c051e8c\" data-element_type=\"column\">\n\t\t\t<div class=\"elementor-widget-wrap elementor-element-populated\">\n\t\t\t\t\t\t<div class=\"elementor-element elementor-element-649db8b elementor-widget elementor-widget-text-editor\" data-id=\"649db8b\" data-element_type=\"widget\" data-widget_type=\"text-editor.default\">\n\t\t\t\t<div class=\"elementor-widget-container\">\n\t\t\t\t\t\t\t\t\t<p>Copyright <strong>delsuenoalacasa.com<\/strong> \u00a9 2026 I Todos los derechos reservados &#8211; Implementado por <a href=\"https:\/\/wondrmb.com\/\"><img loading=\"lazy\" decoding=\"async\" class=\"alignnone wp-image-2339 size-full\" src=\"https:\/\/rexcover.com\/wp-content\/uploads\/2024\/11\/wondr-1.png\" alt=\"\" width=\"60\" height=\"15\" \/><\/a><\/p>\t\t\t\t\t\t\t\t<\/div>\n\t\t\t\t<\/div>\n\t\t\t\t\t<\/div>\n\t\t<\/div>\n\t\t\t\t\t<\/div>\n\t\t<\/section>\n\t\t\t\t<\/div>\n\t\t","protected":false},"excerpt":{"rendered":"<p>En nuestras clases en vivo te voy a ense\u00f1ar el paso a paso para comprar vivienda en el 2026 15 de marzo 2026 7:00pm COL Conferencias ONLINE y SIN COSTO para establecer el plan de acci\u00f3n que te llevar\u00e1 a ser un nuevo propietario colombiano. \u00danete GRATIS a la clase Con lo que vibramos\u2026 \u00bfCu\u00e1ntas&hellip;&nbsp;<a href=\"https:\/\/www.delsuenoalacasa.com\/landing1\/\" rel=\"bookmark\">Leer m\u00e1s &raquo;<span class=\"screen-reader-text\">inicio<\/span><\/a><\/p>\n","protected":false},"author":1,"featured_media":0,"parent":0,"menu_order":0,"comment_status":"closed","ping_status":"closed","template":"page-templates\/template-pagebuilder-full-width.php","meta":{"neve_meta_sidebar":"","neve_meta_container":"","neve_meta_enable_content_width":"","neve_meta_content_width":0,"neve_meta_title_alignment":"","neve_meta_author_avatar":"","neve_post_elements_order":"","neve_meta_disable_header":"","neve_meta_disable_footer":"","neve_meta_disable_title":"","footnotes":""},"class_list":["post-13","page","type-page","status-publish","hentry"],"_links":{"self":[{"href":"https:\/\/www.delsuenoalacasa.com\/landing1\/wp-json\/wp\/v2\/pages\/13","targetHints":{"allow":["GET"]}}],"collection":[{"href":"https:\/\/www.delsuenoalacasa.com\/landing1\/wp-json\/wp\/v2\/pages"}],"about":[{"href":"https:\/\/www.delsuenoalacasa.com\/landing1\/wp-json\/wp\/v2\/types\/page"}],"author":[{"embeddable":true,"href":"https:\/\/www.delsuenoalacasa.com\/landing1\/wp-json\/wp\/v2\/users\/1"}],"replies":[{"embeddable":true,"href":"https:\/\/www.delsuenoalacasa.com\/landing1\/wp-json\/wp\/v2\/comments?post=13"}],"version-history":[{"count":496,"href":"https:\/\/www.delsuenoalacasa.com\/landing1\/wp-json\/wp\/v2\/pages\/13\/revisions"}],"predecessor-version":[{"id":568,"href":"https:\/\/www.delsuenoalacasa.com\/landing1\/wp-json\/wp\/v2\/pages\/13\/revisions\/568"}],"wp:attachment":[{"href":"https:\/\/www.delsuenoalacasa.com\/landing1\/wp-json\/wp\/v2\/media?parent=13"}],"curies":[{"name":"wp","href":"https:\/\/api.w.org\/{rel}","templated":true}]}}